ate the remainder when 9092 is divided by 262.
184
Calculate the remainder when 195738 is divided by 65223.
69
Calculate the remainder when 14727 is divided by 1330.
97
What is the remainder when 203155 is divided by 38?
7
What is the remainder when 926363 is divided by 969?
968
What is the remainder when 2286 is divided by 9?
0
Calculate the remainder when 6506322 is divided by 1215.
1212
Calculate the remainder when 4860 is divided by 165.
75
What is the remainder when 656 is divided by 628?
28
Calculate the remainder when 1330 is divided by 386.
172
Calculate the remainder when 49169 is divided by 23.
18
Calculate the remainder when 57576 is divided by 57566.
10
What is the remainder when 1685 is divided by 68?
53
Calculate the remainder when 62793 is divided by 661.
659
Calculate the remainder when 49839 is divided by 54.
51
What is the remainder when 25025 is divided by 275?
0
Calculate the remainder when 499 is divided by 121.
15
Calculate the remainder when 6166 is divided by 4769.
1397
Calculate the remainder when 5596 is divided by 25.
21
Calculate the remainder when 89228 is divided by 156.
152
Calculate the remainder when 23119 is divided by 2575.
2519
Calculate the remainder when 5861 is divided by 202.
3
What is the remainder when 6661 is divided by 3319?
23
What is the remainder when 6124 is divided by 222?
130
What is the remainder when 254937 is divided by 42?
39
What is the remainder when 1372 is divided by 184?
84
What is the remainder when 64840 is divided by 1028?
76
What is the remainder when 4699 is divided by 247?
6
What is the remainder when 9987 is divided by 828?
51
Calculate the remainder when 16288 is divided by 5281.
445
What is the remainder when 242853 is divided by 136?
93
What is the remainder when 25633 is divided by 117?
10
Calculate the remainder when 301548 is divided by 19.
18
What is the remainder when 1347 is divided by 302?
139
Calculate the remainder when 5782 is divided by 1857.
211
What is the remainder when 29133 is divided by 14368?
397
Calculate the remainder when 5670 is divided by 74.
46
What is the remainder when 368915 is divided by 10?
5
Calculate the remainder when 350049 is divided by 117.
102
Calculate the remainder when 23862 is divided by 38.
36
What is the remainder when 73819 is divided by 36886?
47
Calculate the remainder when 62578 is divided by 167.
120
What is the remainder when 4367 is divided by 47?
43
What is the remainder when 6950 is divided by 871?
853
What is the remainder when 5386 is divided by 98?
94
Calculate the remainder when 1071 is divided by 179.
176
What is the remainder when 14892 is divided by 88?
20
Calculate the remainder when 87431 is divided by 64.
7
What is the remainder when 2456 is divided by 268?
44
What is the remainder when 3191 is divided by 1048?
47
Calculate the remainder when 9683 is divided by 2394.
107
Calculate the remainder when 68364 is divided by 382.
368
Calculate the remainder when 552 is divided by 76.
20
What is the remainder when 3741376 is divided by 17?
16
Calculate the remainder when 186268 is divided by 32.
28
Calculate the remainder when 2107 is divided by 162.
1
What is the remainder when 434617 is divided by 1439?
39
What is the remainder when 176855 is divided by 247?
3
Calculate the remainder when 12727 is divided by 12692.
35
What is the remainder when 573198 is divided by 8?
6
Calculate the remainder when 120542 is divided by 17214.
44
Calculate the remainder when 12116 is divided by 712.
12
What is the remainder when 270221 is divided by 173?
168
What is the remainder when 21821 is divided by 4291?
366
What is the remainder when 3375 is divided by 70?
15
What is the remainder when 383 is divided by 60?
23
What is the remainder when 140626 is divided by 35153?
14
Calculate the remainder when 57997 is divided by 28.
9
Calculate the remainder when 39053 is divided by 67.
59
Calculate the remainder when 16134 is divided by 426.
372
What is the remainder when 8067 is divided by 108?
75
Calculate the remainder when 166168 is divided by 19.
13
What is the remainder when 354 is divided by 197?
157
Calculate the remainder when 1406 is divided by 67.
66
What is the remainder when 2597 is divided by 233?
34
Calculate the remainder when 26405 is divided by 518.
505
What is the remainder when 9679 is divided by 170?
159
What is the remainder when 7203 is divided by 2395?
18
Calculate the remainder when 704790 is divided by 352393.
4
Calculate the remainder when 2018 is divided by 489.
62
What is the remainder when 102802 is divided by 142?
136
Calculate the remainder when 26310 is divided by 29.
7
Calculate the remainder when 287182 is divided by 214.
208
What is the remainder when 26578 is divided by 54?
10
Calculate the remainder when 102993 is divided by 500.
493
Calculate the remainder when 136435 is divided by 429.
13
What is the remainder when 5937 is divided by 2186?
1565
What is the remainder when 11766 is divided by 151?
139
Calculate the remainder when 15494 is divided by 5059.
317
What is the remainder when 17058 is divided by 18?
12
Calculate the remainder when 647073 is divided by 12.
9
What is the remainder when 393897 is divided by 25?
22
What is the remainder when 29697 is divided by 164?
13
What is the remainder when 38125 is divided by 19058?
9
What is the remainder when 4056 is divided by 973?
164
Calculate the remainder when 16404 is divided by 5458.
30
What is the remainder when 4535 is divided by 1129?
19
Calculate the remainder when 8350 is divided by 2077.
42
Calculate the remainder when 17544 is divided by 91.
72
Calculate the remainder when 2879 is divided by 407.
30
Calculate the remainder when 3848 is divided by 329.
229
Calculate the remainder when 2771299 is divided by 148.
147
Calculate the remainder when 4122 is divided by 163.
47
What is the remainder when 8771255 is divided by 312?
311
Calculate the remainder when 2176 is divided by 525.
76
What is the remainder when 11850 is divided by 359?
3
What is the remainder when 110467 is divided by 86?
43
Calculate the remainder when 7444 is divided by 930.
4
Calculate the remainder when 63170 is divided by 376.
2
Calculate the remainder when 10094 is divided by 281.
259
What is the remainder when 2067 is divided by 763?
541
Calculate the remainder when 1214 is divided by 282.
86
Calculate the remainder when 8798 is divided by 8781.
17
What is the remainder when 11800 is divided by 50?
0
Calculate the remainder when 2065791 is divided by 1878.
1869
Calculate the remainder when 352865 is divided by 47.
36
What is the remainder when 458 is divided by 402?
56
What is the remainder when 143044 is divided by 1644?
16
What is the remainder when 31269 is divided by 489?
462
Calculate the remainder when 111329 is divided by 59.
55
Calculate the remainder when 5932 is divided by 987.
10
What is the remainder when 58477 is divided by 344?
341
What is the remainder when 113017 is divided by 483?
478
What is the remainder when 17116 is divided by 125?
116
Calculate the remainder when 24222 is divided by 216.
30
What is the remainder when 6208 is divided by 44?
4
What is the remainder when 6562 is divided by 380?
102
What is the remainder when 214338 is divided by 140?
138
What is the remainder when 25921 is divided by 387?
379
Calculate the remainder when 4326 is divided by 1302.
420
What is the remainder when 59410 is divided by 51?
46
What is the remainder when 122518 is divided by 76?
6
Calculate the remainder when 40774 is divided by 575.
524
What is the remainder when 456212 is divided by 1132?
16
What is the remainder when 2865894 is divided by 8?
6
What is the remainder when 15193 is divided by 81?
46
What is the remainder when 64873 is divided by 30?
13
Calculate the remainder when 49745 is divided by 250.
245
What is the remainder when 341186 is divided by 7?
6
What is the remainder when 51495 is divided by 79?
66
Calculate the remainder when 1516 is divided by 639.
238
What is the remainder when 6962 is divided by 641?
552
What is the remainder when 262290 is divided by 47?
30
What is the remainder when 2126420 is divided by 41?
37
What is the remainder when 123446 is divided by 97?
62
Calculate the remainder when 6681 is divided by 1660.
41
What is the remaind